ine b(-1).
11
Let p(t) = 3517*t + 17306. What is p(-5)?
-279
Let q(l) = -11*l**3 - 1218*l**2 - 6911*l - 3. Give q(-6).
-9
Let q(h) = 239*h - 1566. Calculate q(7).
107
Let i(r) = 5290*r + 52494. Give i(-10).
-406
Let t(y) = -y**3 - 90*y**2 - 1256*y - 103532. Determine t(-89).
331
Let c(i) = -265*i**2 - 17230*i - 322. Give c(-65).
3
Let m(g) = 12667*g - 304018. Determine m(24).
-10
Let g(d) = -17519*d + 2978231. Calculate g(170).
1
Let a(y) = 1309*y**2 - 241*y + 240. Give a(1).
1308
Let w(r) = 25*r**2 - 3874*r + 11251. Give w(152).
3
Let m(x) = 41592*x + 29. Calculate m(0).
29
Let b(x) = -1521*x**2 + 104930*x + 1314. Give b(69).
3
Let h(a) = 10*a**2 + 23510*a - 164512. What is h(7)?
548
Let c(y) = -2*y**2 + 1874*y + 346025. Determine c(-158).
5
Let z(r) = -3400*r - 200442. Determine z(-59).
158
Let a(f) = 53*f**2 + 13834*f - 8. Determine a(-261).
-269
Let y(d) = -21*d**3 + 629*d**2 + 676*d + 186. Calculate y(31).
0
Let u(t) = -4*t**2 - 913*t + 102268. Calculate u(82).
506
Let p(t) = -62*t**2 + 7193*t - 14389. Give p(2).
-251
Let d(f) = 346*f**2 - 2122*f + 2952. Calculate d(4).
0
Let r(s) = -4859*s - 160350. Calculate r(-33).
-3
Let q(n) = -2*n**3 + 531*n**2 + 261*n + 1270. Give q(266).
-60
Let h(x) = 22*x**2 - 23*x + 299. Determine h(8).
1523
Let k(w) = 1275*w + 42832. Give k(-34).
-518
Let x(r) = 31*r**2 + 165*r + 142. What is x(-4)?
-22
Let k(d) = d**2 - 336*d - 510536. What is k(902)?
-4
Let x(w) = -6*w**3 + 22*w**2 + 1848*w - 7361. Give x(4).
-1
Let j(a) = -5*a**3 + 8*a**2 + 61*a - 223. What is j(3)?
-103
Let t(n) = -5230*n - 423648. Determine t(-81).
-18
Let b(n) = 4*n**3 - 9*n**2 - 282*n + 875. Determine b(3).
56
Let l(t) = 6*t**2 - 5810*t + 63519. What is l(11)?
335
Let z(q) = -318*q + 20976. Calculate z(66).
-12
Let a(y) = 25*y**2 + 1111*y + 391. Give a(-44).
-93
Let h(v) = v**3 + 63*v**2 + 967*v + 51560. Give h(-61).
15
Let y(h) = -87288*h - 261888. Give y(-3).
-24
Let h(o) = -988*o + 9692. What is h(8)?
1788
Let b(p) = p**3 - 18*p**2 - 691*p - 2604. Give b(38).
18
Let c(k) = 122*k + 1981. Determine c(-14).
273
Let o(c) = -2*c**3 - 665*c**2 + 1628*c - 15744. Determine o(-335).
1
Let o(s) = -s**2 - 2518*s - 255679. What is o(-106)?
-7
Let l(p) = -6667*p - 13327. What is l(-2)?
7
Let v(p) = -23*p**2 + 205*p + 1647. What is v(14)?
9
Let y(j) = 97*j**2 + 301*j - 39. Determine y(-3).
-69
Let g(j) = 28*j**2 + 1915*j - 21962. What is g(10)?
-12
Let i(c) = c**3 - 449128*c - 898250. Calculate i(-2).
-2
Let g(y) = -2*y**2 - 367*y - 8137. What is g(-27)?
314
Let l(y) = 2*y**2 + 777*y + 43. Determine l(0).
43
Let n(z) = -64846*z + 389112. Give n(6).
36
Let w(m) = -8*m**3 + 75*m**2 - 9*m - 135. Determine w(9).
27
Let u(r) = -2*r**3 - 1262*r**2 - 2561*r - 28310. What is u(-629)?
-5
Let p(f) = 51*f**2 + 933*f - 2816. What is p(3)?
442
Let t(y) = 1560*y + 63949. Determine t(-41).
-11
Let l(y) = 41728*y - 750802. Determine l(18).
302
Let s(b) = -5*b**2 - 488*b + 560. What is s(-98)?
364
Let z(f) = -524*f + 10108. Calculate z(19).
152
Let w(m) = -2*m**3 - 226*m**2 + 253*m + 705. What is w(-114)?
-2145
Let i(b) = 528*b**2 - 256087*b + 3391. Give i(485).
-4
Let q(z) = -1151*z + 10415. Give q(7).
2358
Let w(z) = -z**2 + 104*z - 2209. Determine w(21).
-466
Let a(q) = -251*q + 6223. Give a(24).
199
Let m(r) = -971*r - 7842. Determine m(-9).
897
Let s(i) = 3*i**2 - 499*i - 5381. Give s(-10).
-91
Let d(k) = 15*k**2 - 924*k - 345. Give d(62).
27
Let s(f) = -106*f**2 + 3807*f + 351. What is s(36)?
27
Let j(d) = -1870*d - 5708. Calculate j(-4).
1772
Let f(k) = 15652*k + 1486943. Calculate f(-95).
3
Let p(s) = -6*s**3 - 1320*s**2 + 9524*s - 2266. Calculate p(-227).
4
Let h(c) = c**3 - 104*c**2 - 2923*c - 49. What is h(-23)?
-3
Let h(i) = 8*i**2 + 418*i + 345. Calculate h(-46).
-1955
Let x(a) = -a**2 - 5208*a + 743230. Give x(139).
-3
Let w(h) = 198*h**2 + 44*h - 5. Give w(1).
237
Let u(y) = -380*y**2 + 1105*y + 2. What is u(3)?
-103
Let f(k) = -k**3 - 144*k**2 - 287*k - 683. Determine f(-142).
-257
Let h(c) = 2*c**3 + 249*c**2 + 1533*c - 118. Determine h(-118).
0
Let h(o) = -178*o - 14287. Give h(-76).
-759
Let r(t) = -t**3 + 82*t**2 - 1647*t + 152409. Calculate r(84).
-51
Let z(c) = c**2 - 1674*c - 6705. Calculate z(-4).
7
Let y(n) = -20*n**2 + 1782*n - 201. Calculate y(89).
-23
Let v(g) = 835*g + 264879. What is v(-317)?
184
Let s(o) = -2*o**3 + 150*o**2 - 1296*o + 99. Give s(65).
359
Let f(c) = c**2 + 331*c + 25078. Determine f(-118).
-56
Let b(g) = g**2 - 652*g + 22761. Give b(615).
6
Let i(y) = 7*y**3 - 46*y**2 - 311*y - 352. Determine i(11).
-22
Let k(q) = -2124*q + 112453. Calculate k(53).
-119
Let f(c) = -3337*c - 3376. Give f(-1).
-39
Let u(s) = -18*s**3 - 552*s**2 + 142*s + 155. Give u(-31).
1519
Let u(z) = -4*z**2 - 118*z + 1168. Determine u(-37).
58
Let c(z) = 6*z**3 + 363*z**2 - 119*z + 3939. Determine c(-61).
35
Let v(p) = 4109*p - 661543. Determine v(161).
6
Let r(h) = 630*h - 32857. What is r(52)?
-97
Let x(y) = -y**2 + 564*y + 47214. Calculate x(-74).
2
Let p(o) = -2*o**3 + 266*o**2 - 88*o + 11697. Give p(133).
-7
Let n(v) = -v**3 - 29*v**2 - 80*v - 425. Calculate n(-26).
-373
Let b(c) = -334*c - 17220. Determine b(-53).
482
Let n(l) = -l**3 - 67*l**2 + 1184*l + 59332. Give n(-72).
4
Let z(f) = -457217*f - 10058781. Give z(-22).
-7
Let i(a) = 7*a**2 + 305*a + 605. What is i(-2)?
23
Let j(q) = -10*q**2 + 3871*q + 35386. Give j(-9).
-263
Let z(t) = t**3 - 176*t**2 + 280*t + 11807. Determine z(174).
-25
Let u(i) = -i**3 - 105*i**2 - 540*i + 269. What is u(-6)?
-55
Let y(u) = 4432*u + 8863. Calculate y(-2).
-1
Let z(y) = -559*y - 27837. Calculate z(-50).
113
Let y(l) = -11*l**2 + 846*l + 17534. Determine y(94).
-138
Let h(o) = o**3 - 48*o**2 + 266*o + 525. Give h(40).
-1635
Let z(b) = b**2 + 317*b + 13257. Calculate z(-44).
1245
Let h(b) = -61*b - 3027. Determine h(-49).
-38
Let r(v) = v**3 - 11*v**2 + 21*v - 42. Determine r(15).
1173
Let m(h) = 789*h - 47331. What is m(60)?
9
Let t(i) = -12722*i - 737978. Calculate t(-58).
-102
Let y(v) = -19*v**2 + 511*v + 6684. Give y(-10).
-326
Let w(i) = -26*i**2 + 221*i + 236. What is w(-1)?
-11
Let f(p) = -2237*p + 18205. Calculate f(8).
309
Let a(h) = -45*h**3 - 319*h**2 + 10*h + 146. Determine a(-7).
-120
Let g(f) = -f**2 + 34*f + 973. Give g(53).
-34
Let m(y) = -9920*y - 704379. Calculate m(-71).
-59
Let r(l) = 273*l**3 + 48*l**2 - 106*l - 117. Give r(3).
7368
Let t(b) = 70801*b + 3964866. What is t(-56)?
10
Let x(k) = -6353*k + 197174. Give x(31).
231
Let i(s) = 20102*s - 261332. Calculate i(13).
-6
Let t(s) = 3*s**3 - 160*s**2 + 236*s - 18313. Calculate t(54).
263
Let k(n) = -181*n - 11649. Determine k(-76).
2107
Let m(t) = 4*t**2 + 354*t - 1775. Give m(-93).
-101
Let g(n) = 60641*n + 181944. Calculate g(-3).
21
Let u(b) = -b**3 + 56*b**2 - 153*b + 1752. Give u(54).
-678
Let q(k) = k**3 + 55*k**2 - 6314*k - 46649. Determine q(-109).
3
Let l(f) = -2035*f - 158630. Determine l(-78).
100
Let k(d) = 4*d**2 - 948*d - 20552. Calculate k(-20).
8
Let r(u) = -1084*u + 275404. Give r(254).
68
Let k(y) = 4*y**2 - 5603*y - 11215. Give k(-2).
7
Let i(d) = -9*d**3 + 645*d**2 - 443*d + 1097. Calculate i(71).
-110
Let x(a) = -143834*a - 575329. Determine x(-4).
7
Let c(r) = -r**3 + 168*r**2 - 627*r - 4788. Calculate c(164).
-32
Let i(c) = c**3 - 92*c**2 + 797*c - 64232. Calculate i(91).
14
Let o(d) = 4815*d - 150814. Determine o(31).
-1549
Let m(u) = 42*u**2 - 5589*u + 41996. Determine m(8).
-28
Let v(d) = 766*d**2 + 30*d + 42. What is v(-1)?
778
Let h(u) = -u**3 + 9*u**2 + 321*u - 2015. What is h(20)?
5
Let d(l) = -l**2 - 5*l + 853. Calculate d(-25).
353
Let l(v) = 100*v**3 - 2*v**2 + 17*v - 17. Determine l(1).
98
Let u(h) = -18*h**3 + 3*h**2 - 33*h - 58. Give u(-2).
164
Let r(y) = 17*y**2 + 295*y + 77. What is r(-17)?
-25
Let l(g) = 159721*g + 37055275. Give l(-232).
3
Let o(i) = -i**3 + 9*i**2 - 19*i - 101. Determine o(8).
-189
Let a(t) = -7*t**2 - 299*t - 4857. Calculate a(-17).
-1797
Let p(j) = -14*j**3 - 96*j**2 - 99*j - 7. What is p(-6)?
155
Let t(b) = -130911*b + 523537. What is t(4)?
-107
Let j(c) = -c**3 - 782*c**2 - 1539*c - 591862. What is j(-781)?
136
Let g(i) = 2*i**3 + 90*i**2 - 611*i + 212. What is g(-51)?
161
Let l(s) = -s**3 + 89*s**2 - 498*s - 10. Calculate l(83).
-10
Let i(o) = -19*o**3 - 205*o**2 